*u - z + k = -12. What is y(u)?
-8
Let w(k) = -5 - 7*k**2 + 4*k + k**2 + k**3 + 0*k**2. Determine w(5).
-10
Suppose o = 2*z, 0 = -3*z - 2*o - 3*o + 26. Let b(k) = -z*k + 1 - 3 + k + 3. What is b(6)?
-5
Let n(c) = c - 6. Let b be n(8). Let l = 3 - 2. Let u(z) = z - 5. Let t(x) = 1. Let a(o) = l*u(o) + 5*t(o). What is a(b)?
2
Let y(f) = -5*f**2 - 9*f + 19. Let s(q) = q**2 + 2*q - 4. Let x(n) = 11*s(n) + 2*y(n). Determine x(-6).
6
Let f(c) = -5*c**2 - c. Let d be 2/3 + 96/(-9). Let m = d - -12. Suppose o + o = m. What is f(o)?
-6
Let y(z) = -z**3 - 2*z**2 - 4*z - 3. Let x be (-6 - -1)*(-6 - -5). Suppose -q = -x + 7. Determine y(q).
5
Let w(j) = -3*j**3 + 4*j**2 - 3 + 4*j**3 + j - 1. Let k be 1/(-2) - (-15)/(-6). What is w(k)?
2
Let x(d) = -9*d**2 - 39*d + 15. Let f(k) = -2*k**2 - 8*k + 3. Let v(m) = 24*f(m) - 5*x(m). Determine v(2).
-9
Let n(x) = x**3 + 3*x**2 - 6*x - 4. Let q be n(-4). Let f(d) = -6 + d + d + 3*d - 4*d. Determine f(q).
-2
Let i(y) = -3*y**2 - 11*y - 11. Let m(x) = -10*x**2 - 34*x - 34. Let b(h) = 7*i(h) - 2*m(h). Let a(p) = -p - 1. Let j(q) = 3*a(q) - b(q). Determine j(-5).
1
Let g(v) = v**2 + 5*v + 1. Let l(w) = -4*w**2 - 16*w - 3. Let o(p) = 7*g(p) + 2*l(p). Calculate o(2).
3
Let u(w) = -7*w**3 - 19*w**2 - 17*w - 6. Let j(v) = 4*v**3 + 10*v**2 + 9*v + 3. Let q(f) = -5*j(f) - 3*u(f). What is q(-6)?
3
Let l(r) = r**3 + 2*r**2 - r + 1. Let a = -13 + 11. What is l(a)?
3
Let p(j) = j**2 + j. Let c(u) = 2*u**2 + 3*u - 2. Let w(v) = c(v) - 3*p(v). Suppose -b + 3*b - 5 = -o, -b = -3*o + 1. Give w(b).
-6
Let d(t) = -t - 8. Let b be d(-11). Let y(a) = a - 1. What is y(b)?
2
Let f(q) = 2*q**2 + 11*q + 8. Let i(t) = -t**2 - 5*t - 3. Let y(z) = 2*f(z) + 5*i(z). What is y(-6)?
-17
Let m(v) be the third derivative of 1/6*v**4 - 5/6*v**3 + 3*v**2 + 0 + 0*v. Calculate m(4).
11
Suppose -4*p + 3*p = x + 11, 2*x = 4*p + 26. Let h be 10/4 + 4/p. Suppose h*g + g = -3. Let v(y) = 5*y + 1. Calculate v(g).
-4
Suppose 0 = 13*d - 3*d - 0*d. Let o(h) = -h - 2. Give o(d).
-2
Let g(q) = -4*q**2 + q + 1. Suppose -4*p + 5*r = -6, -p - 3*r - 1 = 6. Let x be g(p). Let h(m) = m**3 + 5*m**2 + 3*m - 4. Determine h(x).
0
Suppose z + 15 = 6*z - 5*r, 5*r = -z + 3. Let u(g) = -2 + 4 + 2 - z - 6*g. Determine u(-1).
7
Let u(z) be the third derivative of 1/40*z**6 + 0*z**5 + 1/6*z**3 + 0*z + 0 + 3*z**2 + 0*z**4. Calculate u(1).
4
Let y(a) be the first derivative of a**2 + a - 2. Give y(1).
3
Let m = 11 - 17. Let f(z) = z. Let n(i) = i**2 - 6*i - 6*i**2 + 0*i**2. Let k(d) = m*f(d) - n(d). Determine k(-1).
5
Let c(p) = 18 - 2 + 3*p - 2 - 9. Calculate c(4).
17
Let z = 41 - 37. Let h(k) = -3*k + 3. Give h(z).
-9
Let i(o) be the third derivative of -o**4/12 + o**3/6 + 14*o**2. Let m be (-2)/((-8)/3 + 2). Suppose 5*a + 2*h = 19, -4*a - m*h + 18 = -0. What is i(a)?
-5
Let t(f) = -f**3 + 4*f**2 - f + 2. Suppose -11 = -4*l + 5. Let k(s) = -s**2 + 4*s + 4. Let i be k(l). Determine t(i).
-2
Let k(j) be the third derivative of j**6/120 - j**5/30 - j**3/6 + 2*j**2. What is k(3)?
8
Let y(l) = -2*l - 9. Let z be y(-7). Suppose z = -3*b - 10. Let h(k) = -k**3 - 5*k**2 - 2*k - 6. What is h(b)?
4
Let z(i) = i**3 - 3*i**2 - i + 3. Let o(h) = -2*h**2 - 12*h - 7. Let b be o(-5). Determine z(b).
0
Suppose -2 + 6 = -4*a. Let v(l) = 13*l - 1. What is v(a)?
-14
Let j(c) = 3*c + 11. Let r be (-2)/(-4) - 34/4. Let h(w) = 2*w + 7. Let t(n) = r*h(n) + 5*j(n). What is t(-6)?
5
Let k = -2 + 7. Let f(w) = w**2 + 14*w + 14. Let p be f(-13). Let y(c) = p + 1 - 6 + c + c. What is y(k)?
6
Let n(i) = 2*i**2 + 5*i - 4. Let k be -1*2/11 + (-84)/22. Calculate n(k).
8
Suppose -2*z - q + 6 = 0, q + 1 = 3*z - 3. Let n(y) = -1 - 3*y**2 + 2*y + z*y**2 + 2*y. Let r(s) = -s - 3. Let d be r(-5). What is n(d)?
3
Suppose 0 = -5*w - 2 - 18. Let y(r) be the first derivative of -r**2 - 1 + r - 1/4*r**4 - 4/3*r**3. Determine y(w).
9
Let c = -28 - -39. Let g(h) = -5 - h - 6 + c. Determine g(-3).
3
Let y(d) = d + 1. Suppose g - 16 = -3*z, 4*z - 3*g = -z + 50. Let i = -6 + z. Determine y(i).
2
Let a(z) = -4*z**3 + 5*z**2 - 7*z + 2. Let b(i) = -i**3 + 2*i**2 - 2*i + 1. Let o(y) = -2*a(y) + 7*b(y). Determine o(-4).
3
Let w(z) = 3*z**2 - z - 3. Let v(a) = a**2 - a - 1. Let s(o) = -2*v(o) + w(o). Let q(l) = -4*l - 1. Let m be q(-1). Suppose m = -2*g - 3. Calculate s(g).
5
Let r(k) = k**2 + 4*k + 5. Let x be r(-4). Let a(q) = -8 - 4*q - x*q**2 + 5*q + 4*q**2. Suppose 5*d - 20 = 2*d + 5*l, -5*l = 20. Calculate a(d).
-8
Suppose 5*q + 27 - 37 = 0. Let a(b) be the first derivative of -1/3*b**3 + 1/2*b**2 - 4*b - q. Determine a(0).
-4
Let k(w) = w**2 + 6*w - 4. Let n be k(-6). Let v(j) be the first derivative of j**3/3 + 2*j**2 + 5*j + 14. Give v(n).
5
Let c = -3 - -6. Let f = c - 1. Let z(i) = -2 - i**2 + 9*i - 13*i + 6*i. Determine z(f).
-2
Suppose 4*j + 161 = 137. Let z(t) = -3*t - 7. Determine z(j).
11
Let g(m) be the third derivative of -m**5/60 + m**4/2 + 2*m**3/3 + m**2. Let q(h) = h + 1. Let k(p) = g(p) - 5*q(p). Suppose -o + 4*o - 15 = 0. What is k(o)?
9
Let g(l) = 2*l + 2. Let v be 1 + -3 - (0 - 0). Give g(v).
-2
Let y(n) = 10*n**3 - n**2 + n + 1. Suppose 0 = 5*u + 3*h - 4 + 18, -u = -2*h - 5. Determine y(u).
-11
Let v(s) = -s**3 + 8*s**2 - 6. Suppose 0*p = 2*x + 2*p - 18, 7 = x - p. What is v(x)?
-6
Let f = -19 - -29. Suppose -2 = 2*g - f. Let j(p) = 0*p - g*p + p. Give j(1).
-3
Suppose 4 = -4*c + 16. Let y(u) = -u + u - c + u. Determine y(6).
3
Let j(f) = 1. Let y(m) = -2*m - 4. Let a(p) = 4*j(p) - y(p). What is a(-7)?
-6
Let w(l) be the first derivative of l**4/6 - l**3/2 + 3*l**2/2 - 3. Let g(z) be the second derivative of w(z). Calculate g(2).
5
Let n(k) be the first derivative of 1/3*k**3 + 3/2*k**2 - 2*k + 1. Let q be 0/6 + (-1 - 2). Give n(q).
-2
Let h(i) be the second derivative of -i**5/20 - i**4/2 - i**2 - 7*i. Determine h(-6).
-2
Let i = -223 - -220. Let h(d) = -3*d**2 - 3*d + 2. What is h(i)?
-16
Let h(z) = 85*z - 8 + 10 - 90*z + z**2. Give h(4).
-2
Let p = -5 + 7. Let x(i) = p*i + 0 - i + 1. Calculate x(-5).
-4
Suppose -h = a - 3, 2*h + 7 = 6*h - a. Let t(v) = 0 + 2 - v**h + 3 + 4*v - 2. Calculate t(4).
3
Let l(h) be the second derivative of -h**3/2 - 3*h**2 - 4*h. What is l(-4)?
6
Let a = 88 - 85. Let y(g) = 2*g + g**2 - 3*g - g. Calculate y(a).
3
Suppose -5*k + 3*z = 5*z - 9, 3 = 2*k + z. Suppose -10 = -k*d - 4. Let s be -1 + 3 + -3 + d. Let w(h) = h**2 + 2*h - 1. Calculate w(s).
2
Let c = -5 - -7. Let b = 9 - 7. Let g(r) = -2*r + 1 - r**3 - r**c + 2*r**2 + b. Determine g(2).
-5
Let v(o) = -o**3 - 2*o**2 + 2*o - 1. Let w = 1 + -4. Let h be v(w). Let t(m) = -3*m + 2 - 1 - 2*m**2 - m**2 + m**h. Determine t(-3).
-8
Let y(l) = -l**2 - 5*l + 5. Suppose 10 = p + 5*z, 3*z = 2*p + 11 + 8. Give y(p).
5
Let g(n) = -2*n - 1. Let t = 3 + -5. What is g(t)?
3
Suppose 5*u = -4*o - 40, -o = 5*u + 35 - 10. Let l(g) = -g**3 - 6*g**2 + g + 1. Let w(h) = h**2 + h. Let r(b) = -l(b) - 2*w(b). Determine r(o).
-11
Let o = -11 - -9. Let r(y) = -4*y - 2. What is r(o)?
6
Let n(i) = i**3 + i**2 - 2*i - 1. Let d(f) = -f**2 + 4*f + 4. Let p be d(5). Determine n(p).
1
Let g(u) = -u**3 + 14*u**2 - 27*u + 32. Let r be g(12). Let w(n) = 2*n - 2. Give w(r).
-10
Let r(s) be the third derivative of s**6/120 + s**5/12 - s**4/8 + 4*s**3/3 + 3*s**2. Calculate r(-6).
-10
Let x(d) = -d + 12. Suppose -2*y = -y - 3. Suppose y*k - 5 = 16. Let c be x(k). Let f(j) = -j**2 + 7*j - 5. Determine f(c).
5
Let m(j) be the third derivative of j**5/60 - j**4/12 - 2*j**3/3 - 28*j**2. Suppose -3*y - 5*t = -9, 4*t = t. Give m(y).
-1
Let i(a) = a**3 - 4*a - 3. Let o(b) = -b**3 + 3*b + 3. Let k(g) = -4*i(g) - 5*o(g). What is k(0)?
-3
Let x(v) = -v. Let b(u) = u + 6. Suppose -8 = 4*r, -4*w = -w + 3*r + 27. Let s be b(w). What is x(s)?
1
Let y(h) = h**2 - h. Let r(z) = -z**2 - 1. Let p(n) = 13*n**2 - 5*n + 1. Let m(g) = -p(g) - r(g). Let i(u) = m(u) + 4*y(u). What is i(1)?
-7
Let m(f) = -4*f - 4*f - 3 + 5*f + 4*f. Let h = 13 - 7. Give m(h).
3
Let r(h) = 4*h**2 - 9*h**3 + 0*h - 4 - 2*h + 10*h**3. Determine r(-4).
4
Let w(m) = -m + 1. Let r be w(1). Let y(u) = u**3 - u - 3. Calculate y(r).
-3
Let z(w) = -1. Let b(d) = -d - 5. Let f(t) = -b(t) + 5*z(t). Calculate f(2).
2
Let d(q) = q**2 + q. Let p(a) = 4*a**2 + 2*a - 1. Let n(f) = 3*d(f) - p(f). Let g(m) = -m - 8. Let 